 (-4)/(-14). What is the highest common factor of 15 and h?
15
Let b be 16/6*(-2 + 38). What is the greatest common divisor of b and 12?
12
Let h(f) = f**2 - f - 18. Let z be h(-7). Calculate the highest common divisor of z and 2.
2
Let a = 1 + 1. Suppose -2*o - a*g + 133 = 409, -4*g = 2*o + 280. Let d be 10/8*o/(-2). What is the greatest common factor of d and 34?
17
Let y be 1/(58/30 + -2). Suppose -q - 30 = -6*q. Let t = q - y. Calculate the highest common factor of 7 and t.
7
Let s be -3*(2 + -5 + 2). Suppose -s + 13 = a. Calculate the highest common divisor of a and 10.
10
Let k(j) = j + 0 + 2 + 5. Let v be k(0). Let g be (-2)/v - 148/(-28). Calculate the greatest common factor of g and 10.
5
Let s(j) = 3*j - 1. Let d be s(1). Suppose 0 = z - 7 - 27. Suppose 5*f - 11 - 23 = -d*o, -3*f + z = 2*o. Calculate the greatest common divisor of o and 17.
17
Suppose 18*t = 16*t + 56. Calculate the greatest common factor of t and 8.
4
Let q be 4/(-18) - (-38)/9. Calculate the highest common factor of 6 and q.
2
Let q be ((-34)/(-3))/(6/45). What is the greatest common factor of 17 and q?
17
Suppose 6*s + 5*l - 109 = 2*s, 5*s - 110 = -l. Suppose -60 + s = -x. Calculate the highest common divisor of 26 and x.
13
Suppose 0 = -5*s - o - 54, s - 3*s - 5*o = 40. Let i = 11 - s. Calculate the highest common divisor of 14 and i.
7
Let j = 103 + -63. Let c be ((3 - 3) + 0)/(-2). Let s be (-1 + c)*(-30)/6. Calculate the highest common factor of j and s.
5
Suppose 3*m - 32 = -2*i + 73, 0 = -3*i - 4*m + 160. Let x be 0 + -3 + 26 + -3. Calculate the highest common factor of i and x.
20
Let i be -14*(13/(-7) - -1). Calculate the highest common divisor of 120 and i.
12
Let d(o) = o**3 - 10*o**2 + 11*o - 6. Let u be d(8). Let l = u + 69. What is the greatest common factor of 184 and l?
23
Let l be (0 - 8/(-10))/(8/300). What is the greatest common divisor of l and 6?
6
Let a be 2/3*-3 + 26. Let o be (2 + -1)*-1*0. Suppose -3*f + 5*j - 1 = 0, 3*f - 4*j - 2 - 2 = o. Calculate the highest common factor of a and f.
8
Let q be (-6)/(-15) + (-22)/5. Let t be (q/(-6))/(4/210). Suppose 0 = u - t + 13. Calculate the greatest common factor of 11 and u.
11
Let g = -79 - -147. Calculate the greatest common divisor of 17 and g.
17
Suppose 7*y - 211 = 97. Let n = -3 + 25. Calculate the highest common factor of n and y.
22
Let i(a) = -a**3 + 7*a**2 - 4*a - 6. Let q be i(4). What is the greatest common factor of q and 65?
13
Suppose -9*k + 8 + 55 = 0. Suppose 2*u = 4*u - 8. Let a(r) = 3*r**2 + 3*r + 3. Let i be a(u). What is the highest common factor of k and i?
7
Let c(y) = -5*y - 3. Let t be c(-6). Let s(l) = l**3 + 3*l**2 - 5*l - 1. Let f = -7 - -3. Let p be s(f). What is the highest common factor of p and t?
3
Let v be 40/(-25)*5/(-2). Calculate the highest common divisor of 4 and v.
4
Let d(y) be the third derivative of y**5/60 + 13*y**3/6 - 4*y**2. Let x be d(0). What is the greatest common divisor of 26 and x?
13
Let v = 42 - -3. Calculate the greatest common factor of v and 18.
9
Suppose 423 = q - 3*t, t + 4*t = 5*q - 2145. What is the greatest common factor of 48 and q?
48
Let z = -11 - -15. Suppose r - 19 = -z*h + 5*h, 4*h = r - 22. Calculate the highest common factor of r and 72.
18
Let o = -30 + 69. Suppose 2*j = 3*a - 49, -5*j + 14 = 2*a + a. Calculate the greatest common factor of o and a.
13
Suppose 0 = 3*f + 42 - 69. Calculate the greatest common factor of f and 1.
1
Let v = 9 + -7. Suppose -30 = -v*k + k. What is the highest common factor of k and 6?
6
Let f(t) be the first derivative of -t**4/4 + 4*t**3/3 + 4*t**2 - 3*t - 1. Let m be f(5). Calculate the highest common factor of m and 132.
12
Let c = 116 + -82. What is the greatest common divisor of c and 85?
17
Let b(a) = -a**3 - 12*a**2 + 8*a - 13. Let j be b(-13). Calculate the highest common factor of 26 and j.
26
Let k(q) = -q**2 - 7*q. Let t be k(-6). Suppose -3*w - 3*d = 2*w - 54, 5*d - t = w. Suppose 0 = 3*h - 0 - w. What is the greatest common divisor of h and 27?
3
Suppose 2*p = -1 - 3, 0 = g - 3*p - 7. Let c(j) = 4*j. Let l be c(3). Let z be (15/l)/((-1)/(-4)). What is the greatest common divisor of z and g?
1
Suppose -n + 4*k - 2 - 9 = 0, -3*k + 11 = 2*n. Let o(c) = -c + 4. Let z be o(-3). Let i = n + z. What is the highest common factor of 72 and i?
8
Suppose n = -3*m + 3*n + 104, -m = 2*n - 48. Suppose m + 37 = 3*a. Suppose 3*u = -u + 20. What is the greatest common factor of u and a?
5
Let k be 3 + (-4 - -5) - -28. What is the highest common divisor of k and 4?
4
Let q(r) = r**3 + 6*r**2 - 9*r - 10. Let v be q(-7). Suppose 3*h + 2*h + v*o = 166, -133 = -4*h - 3*o. Calculate the greatest common divisor of 17 and h.
17
Suppose 3*x - 20 = 5*z, 2*z + 3 = 2*x - 1. Let t be z - -7 - (1 - 13). Calculate the greatest common factor of t and 30.
6
Let o = -2 + 6. Suppose -5*c + 5*n - 15 + 45 = 0, o*c - 28 = 2*n. Suppose -c = -w + 4*l, 3*w + 32 = 6*w - 4*l. What is the greatest common factor of 30 and w?
6
Suppose 2*c = 34 + 14. What is the greatest common factor of 6 and c?
6
Suppose 20*l - 16*l - 96 = 0. Calculate the highest common divisor of 8 and l.
8
Let a be (3 + (-7)/(-2))*2. Suppose n - 4*n - 3*y - 237 = 0, -2*n - 5*y - 161 = 0. Let q be 64/24*n/(-2). Calculate the greatest common factor of a and q.
13
Let r(v) = 4*v + 3. Let o be r(4). Let j = o + -8. Let t(d) = -3*d + 11. Let h be t(-11). What is the highest common factor of j and h?
11
Let u = -4 + 6. Suppose 287 = 3*i + 4*l + l, -5*i + 2*l = -468. Suppose -j + 3*j - u*y = i, -j + 37 = 4*y. Calculate the highest common factor of 5 and j.
5
Let c(d) = 9*d + 3. Let t(w) = -10*w - 4. Let r(z) = 5*c(z) + 4*t(z). Let y be r(3). Let x = 65 + -30. Calculate the greatest common factor of x and y.
7
Let a be 3/(-2) + (-71)/2. Let p = a + 61. What is the greatest common factor of p and 4?
4
Let a(b) = 3*b - 3. Suppose 5*l = 2*x + 28, -4*x + x + 15 = 2*l. Let c be a(l). What is the greatest common divisor of 6 and c?
3
Suppose 30 = 2*o - 4*c, 0*c = -3*c. Calculate the greatest common divisor of 60 and o.
15
Let m = 5 - 1. Suppose -m*d = -3*d - 13. Let c(v) = 3*v - 17. Let l be c(10). What is the highest common divisor of d and l?
13
Suppose 0*o + 336 = 4*o. Suppose 4*m = 4*s + 72, 27 = m + 2*s - 0*s. Calculate the greatest common divisor of m and o.
21
Suppose 8 = 2*z - 0. Calculate the highest common divisor of z and 36.
4
Let p be (50/((-35)/(-7)))/((-2)/(-4)). What is the greatest common divisor of 4 and p?
4
Suppose 64 = -3*m + 5*m. Calculate the greatest common factor of m and 288.
32
Let d = 332 - 113. Let o = 318 - d. Suppose -2*s = -3*i + 29, 5*i + 3*s - 33 = 9. What is the highest common divisor of i and o?
9
Let f(l) be the first derivative of 2*l**2 + l + 3. Let j be f(3). Let w(k) = -k + 39. Let p be w(0). What is the highest common divisor of j and p?
13
Suppose 0 = -3*r + 31 + 17. Suppose -4*t + r = -8. Calculate the greatest common divisor of t and 6.
6
Suppose 0*w = -2*w - 38. Let u = w - -29. What is the highest common factor of 5 and u?
5
Let v be (2 - -1)*(0 + 1). Suppose -172 + 62 = -5*d - q, -d + 3*q + 6 = 0. What is the greatest common factor of v and d?
3
Let g be 12/16*40/6. Calculate the greatest common divisor of g and 35.
5
Let o = -137 - -155. Calculate the highest common factor of 144 and o.
18
Let b be (6/4)/((-2)/(-96)). Let t(g) = 2*g**2 - 6*g. Let v be t(4). Suppose 0 = j - 0*j - v. What is the highest common divisor of b and j?
8
Suppose 9*q - 9 = 8*q. What is the highest common divisor of 27 and q?
9
Suppose -4*u + 2*u = -64. Let l = 62 - u. What is the greatest common divisor of 60 and l?
30
Suppose -w + 4 - 2 = 0, 4*a - 48 = 4*w. Calculate the highest common divisor of 224 and a.
14
Let s = -22 + 36. Calculate the greatest common factor of 2 and s.
2
Suppose r = -r + 108. Let w(l) = -3*l - 2. Let u be w(-2). Suppose 2*f + 2*y = 10, -u*f = y - 22 - 10. Calculate the greatest common divisor of f and r.
9
Suppose -1 = -b + 23. Calculate the highest common divisor of 60 and b.
12
Let y be 96 + -3*(-3 + 2). What is the greatest common divisor of 11 and y?
11
Let w = -1 - -3. Suppose -85 = -2*l - d, w*d - 4 = -2. Calculate the highest common factor of l and 28.
14
Let w = 1 + 22. Suppose -c - 1 = -g - 4*g, 5*g = 2*c - w. Ca